{"id":26932,"date":"2020-03-12T16:24:39","date_gmt":"2020-03-12T16:24:39","guid":{"rendered":"https:\/\/pertesa.com\/?page_id=26932"},"modified":"2020-03-26T11:47:01","modified_gmt":"2020-03-26T11:47:01","slug":"travaux-publics","status":"publish","type":"page","link":"https:\/\/pertesa.com\/fr\/secteurs\/travaux-publics\/","title":{"rendered":"Travaux Publics"},"content":{"rendered":"<div class=\"wpb-content-wrapper\"><p>[vc_row css_animation=\u00a0\u00bbfadeInLeft\u00a0\u00bb css=\u00a0\u00bb.vc_custom_1513864001237{margin-right: 3px !important;}\u00a0\u00bb][vc_column]<div class=\"clearboth\"><\/div><div id=\"thegem-divider-69efc8a3df5d8\" class=\"gem-divider   gem-divider-style-2\" style=\"border-color: #d84150;\" ><\/div>[vc_empty_space height=\u00a0\u00bb10px\u00a0\u00bb][\/vc_column][\/vc_row][vc_row css=\u00a0\u00bb.vc_custom_1507712833891{margin-right: 3px !important;}\u00a0\u00bb][vc_column][vc_single_image image=\u00a0\u00bb26933&Prime; img_size=\u00a0\u00bblarge\u00a0\u00bb][vc_empty_space height=\u00a0\u00bb20px\u00a0\u00bb][\/vc_column][\/vc_row][vc_row][vc_column width=\u00a0\u00bb1\/2&Prime; css=\u00a0\u00bb.vc_custom_1513867757065{padding-left: 40px !important;}\u00a0\u00bb][vc_column_text]<\/p>\n<h3><span style=\"color: #d84150;\">Travaux Publics<\/span><\/h3>\n<p>[\/vc_column_text][vc_column_text]Les entreprises qui composent le <strong>Grupo Silgest<\/strong> ont toujours \u00e9t\u00e9 li\u00e9es au secteur des travaux publics, fournissant \u00e0 nos clients les machines, les outils, les mat\u00e9riaux et les \u00e9quipements de protection n\u00e9cessaires au d\u00e9veloppement de cette activit\u00e9. <strong>La Herramienta Industrial<\/strong>, <strong>Pertesa<\/strong> et <strong>La Herramienta Express<\/strong> se sont toujours engag\u00e9es \u00e0 assurer la qualit\u00e9 et la fiabilit\u00e9, sachant s&rsquo;adapter aux nouveaux d\u00e9fis de cette industrie en pleine \u00e9volution. C&rsquo;est pourquoi, suivant une strat\u00e9gie de sp\u00e9cialisation, chacune de nos entreprises est d\u00e9di\u00e9e \u00e0 un service diff\u00e9rent.[\/vc_column_text][\/vc_column][vc_column width=\u00a0\u00bb1\/2&Prime; css=\u00a0\u00bb.vc_custom_1487072552493{padding-right: 60px !important;padding-left: 40px !important;}\u00a0\u00bb][vc_empty_space height=\u00a0\u00bb40px\u00a0\u00bb][vc_single_image image=\u00a0\u00bb25812&Prime; img_size=\u00a0\u00bbfull\u00a0\u00bb alignment=\u00a0\u00bbcenter\u00a0\u00bb][vc_empty_space height=\u00a0\u00bb10px\u00a0\u00bb][vc_single_image image=\u00a0\u00bb25813&Prime; img_size=\u00a0\u00bbfull\u00a0\u00bb alignment=\u00a0\u00bbcenter\u00a0\u00bb][\/vc_column][\/vc_row][vc_row][vc_column][\/vc_column][\/vc_row]<\/p>\n<\/div>","protected":false},"excerpt":{"rendered":"<p>[vc_row css_animation=\u00a0\u00bbfadeInLeft\u00a0\u00bb css=\u00a0\u00bb.vc_custom_1513864001237{margin-right: 3px !important;}\u00a0\u00bb][vc_column][vc_empty_space height=\u00a0\u00bb10px\u00a0\u00bb][\/vc_column][\/vc_row][vc_row css=\u00a0\u00bb.vc_custom_1507712833891{margin-right: 3px !important;}\u00a0\u00bb][vc_column][vc_single_image image=\u00a0\u00bb26933&Prime; img_size=\u00a0\u00bblarge\u00a0\u00bb][vc_empty_space height=\u00a0\u00bb20px\u00a0\u00bb][\/vc_column][\/vc_row][vc_row][vc_column width=\u00a0\u00bb1\/2&Prime; css=\u00a0\u00bb.vc_custom_1513867757065{padding-left: 40px !important;}\u00a0\u00bb][vc_column_text] Travaux Publics [\/vc_column_text][vc_column_text]Les entreprises qui composent le Grupo Silgest ont toujours \u00e9t\u00e9 li\u00e9es au&#8230;<\/p>\n","protected":false},"author":9,"featured_media":0,"parent":26827,"menu_order":7,"comment_status":"closed","ping_status":"closed","template":"","meta":{"footnotes":""},"class_list":["post-26932","page","type-page","status-publish"],"yoast_head":"<!-- This site is optimized with the Yoast SEO plugin v24.6 - https:\/\/yoast.com\/wordpress\/plugins\/seo\/ -->\n<title>Travaux Publics - PERTESA<\/title>\n<meta name=\"description\" content=\"Pertesa a toujours \u00e9t\u00e9 li\u00e9e au secteur des travaux publics, fournissant les \u00e9quipements de protection n\u00e9cessaires au d\u00e9veloppement de cette activit\u00e9.\" \/>\n<meta name=\"robots\" content=\"index, follow, max-snippet:-1, max-image-preview:large, max-video-preview:-1\" \/>\n<link rel=\"canonical\" href=\"https:\/\/pertesa.com\/sectores\/obra-publica\/\" \/>\n<meta property=\"og:locale\" content=\"fr_FR\" \/>\n<meta property=\"og:type\" content=\"article\" \/>\n<meta property=\"og:title\" content=\"Travaux Publics - PERTESA\" \/>\n<meta property=\"og:description\" content=\"Pertesa a toujours \u00e9t\u00e9 li\u00e9e au secteur des travaux publics, fournissant les \u00e9quipements de protection n\u00e9cessaires au d\u00e9veloppement de cette activit\u00e9.\" \/>\n<meta property=\"og:url\" content=\"https:\/\/pertesa.com\/sectores\/obra-publica\/\" \/>\n<meta property=\"og:site_name\" content=\"PERTESA\" \/>\n<meta property=\"article:modified_time\" content=\"2020-03-26T11:47:01+00:00\" \/>\n<meta name=\"twitter:card\" content=\"summary_large_image\" \/>\n<meta name=\"twitter:label1\" content=\"Dur\u00e9e de lecture estim\u00e9e\" \/>\n\t<meta name=\"twitter:data1\" content=\"1 minute\" \/>\n<script type=\"application\/ld+json\" class=\"yoast-schema-graph\">{\"@context\":\"https:\/\/schema.org\",\"@graph\":[{\"@type\":\"WebPage\",\"@id\":\"https:\/\/pertesa.com\/sectores\/obra-publica\/\",\"url\":\"https:\/\/pertesa.com\/sectores\/obra-publica\/\",\"name\":\"Travaux Publics - PERTESA\",\"isPartOf\":{\"@id\":\"https:\/\/pertesa.com\/#website\"},\"datePublished\":\"2020-03-12T16:24:39+00:00\",\"dateModified\":\"2020-03-26T11:47:01+00:00\",\"description\":\"Pertesa a toujours \u00e9t\u00e9 li\u00e9e au secteur des travaux publics, fournissant les \u00e9quipements de protection n\u00e9cessaires au d\u00e9veloppement de cette activit\u00e9.\",\"breadcrumb\":{\"@id\":\"https:\/\/pertesa.com\/sectores\/obra-publica\/#breadcrumb\"},\"inLanguage\":\"fr-FR\",\"potentialAction\":[{\"@type\":\"ReadAction\",\"target\":[\"https:\/\/pertesa.com\/sectores\/obra-publica\/\"]}]},{\"@type\":\"BreadcrumbList\",\"@id\":\"https:\/\/pertesa.com\/sectores\/obra-publica\/#breadcrumb\",\"itemListElement\":[{\"@type\":\"ListItem\",\"position\":1,\"name\":\"Portada\",\"item\":\"https:\/\/pertesa.com\/fr\/\"},{\"@type\":\"ListItem\",\"position\":2,\"name\":\"Secteurs\",\"item\":\"https:\/\/pertesa.com\/sectores\/\"},{\"@type\":\"ListItem\",\"position\":3,\"name\":\"Travaux Publics\"}]},{\"@type\":\"WebSite\",\"@id\":\"https:\/\/pertesa.com\/#website\",\"url\":\"https:\/\/pertesa.com\/\",\"name\":\"PERTESA\",\"description\":\"Equipos de Protecci\u00f3n Individual para la Industria\",\"potentialAction\":[{\"@type\":\"SearchAction\",\"target\":{\"@type\":\"EntryPoint\",\"urlTemplate\":\"https:\/\/pertesa.com\/?s={search_term_string}\"},\"query-input\":{\"@type\":\"PropertyValueSpecification\",\"valueRequired\":true,\"valueName\":\"search_term_string\"}}],\"inLanguage\":\"fr-FR\"}]}<\/script>\n<!-- \/ Yoast SEO plugin. -->","yoast_head_json":{"title":"Travaux Publics - PERTESA","description":"Pertesa a toujours \u00e9t\u00e9 li\u00e9e au secteur des travaux publics, fournissant les \u00e9quipements de protection n\u00e9cessaires au d\u00e9veloppement de cette activit\u00e9.","robots":{"index":"index","follow":"follow","max-snippet":"max-snippet:-1","max-image-preview":"max-image-preview:large","max-video-preview":"max-video-preview:-1"},"canonical":"https:\/\/pertesa.com\/sectores\/obra-publica\/","og_locale":"fr_FR","og_type":"article","og_title":"Travaux Publics - PERTESA","og_description":"Pertesa a toujours \u00e9t\u00e9 li\u00e9e au secteur des travaux publics, fournissant les \u00e9quipements de protection n\u00e9cessaires au d\u00e9veloppement de cette activit\u00e9.","og_url":"https:\/\/pertesa.com\/sectores\/obra-publica\/","og_site_name":"PERTESA","article_modified_time":"2020-03-26T11:47:01+00:00","twitter_card":"summary_large_image","twitter_misc":{"Dur\u00e9e de lecture estim\u00e9e":"1 minute"},"schema":{"@context":"https:\/\/schema.org","@graph":[{"@type":"WebPage","@id":"https:\/\/pertesa.com\/sectores\/obra-publica\/","url":"https:\/\/pertesa.com\/sectores\/obra-publica\/","name":"Travaux Publics - PERTESA","isPartOf":{"@id":"https:\/\/pertesa.com\/#website"},"datePublished":"2020-03-12T16:24:39+00:00","dateModified":"2020-03-26T11:47:01+00:00","description":"Pertesa a toujours \u00e9t\u00e9 li\u00e9e au secteur des travaux publics, fournissant les \u00e9quipements de protection n\u00e9cessaires au d\u00e9veloppement de cette activit\u00e9.","breadcrumb":{"@id":"https:\/\/pertesa.com\/sectores\/obra-publica\/#breadcrumb"},"inLanguage":"fr-FR","potentialAction":[{"@type":"ReadAction","target":["https:\/\/pertesa.com\/sectores\/obra-publica\/"]}]},{"@type":"BreadcrumbList","@id":"https:\/\/pertesa.com\/sectores\/obra-publica\/#breadcrumb","itemListElement":[{"@type":"ListItem","position":1,"name":"Portada","item":"https:\/\/pertesa.com\/fr\/"},{"@type":"ListItem","position":2,"name":"Secteurs","item":"https:\/\/pertesa.com\/sectores\/"},{"@type":"ListItem","position":3,"name":"Travaux Publics"}]},{"@type":"WebSite","@id":"https:\/\/pertesa.com\/#website","url":"https:\/\/pertesa.com\/","name":"PERTESA","description":"Equipos de Protecci\u00f3n Individual para la Industria","potentialAction":[{"@type":"SearchAction","target":{"@type":"EntryPoint","urlTemplate":"https:\/\/pertesa.com\/?s={search_term_string}"},"query-input":{"@type":"PropertyValueSpecification","valueRequired":true,"valueName":"search_term_string"}}],"inLanguage":"fr-FR"}]}},"_links":{"self":[{"href":"https:\/\/pertesa.com\/fr\/wp-json\/wp\/v2\/pages\/26932","targetHints":{"allow":["GET"]}}],"collection":[{"href":"https:\/\/pertesa.com\/fr\/wp-json\/wp\/v2\/pages"}],"about":[{"href":"https:\/\/pertesa.com\/fr\/wp-json\/wp\/v2\/types\/page"}],"author":[{"embeddable":true,"href":"https:\/\/pertesa.com\/fr\/wp-json\/wp\/v2\/users\/9"}],"replies":[{"embeddable":true,"href":"https:\/\/pertesa.com\/fr\/wp-json\/wp\/v2\/comments?post=26932"}],"version-history":[{"count":0,"href":"https:\/\/pertesa.com\/fr\/wp-json\/wp\/v2\/pages\/26932\/revisions"}],"up":[{"embeddable":true,"href":"https:\/\/pertesa.com\/fr\/wp-json\/wp\/v2\/pages\/26827"}],"wp:attachment":[{"href":"https:\/\/pertesa.com\/fr\/wp-json\/wp\/v2\/media?parent=26932"}],"curies":[{"name":"wp","href":"https:\/\/api.w.org\/{rel}","templated":true}]}}

<div class="wpb-content-wrapper"><p>[vc_row css_animation= »fadeInLeft » css= ».vc_custom_1513864001237{margin-right: 3px !important;} »][vc_column]<div class="clearboth"></div><div id="thegem-divider-69efc8a3df5d8" class="gem-divider   gem-divider-style-2" style="border-color: #d84150;" ></div>[vc_empty_space height= »10px »][/vc_column][/vc_row][vc_row css= ».vc_custom_1507712833891{margin-right: 3px !important;} »][vc_column][vc_single_image image= »26933&Prime; img_size= »large »][vc_empty_space height= »20px »][/vc_column][/vc_row][vc_row][vc_column width= »1/2&Prime; css= ».vc_custom_1513867757065{padding-left: 40px !important;} »][vc_column_text]</p>
<h3><span style="color: #d84150;">Travaux Publics</span></h3>
<p>[/vc_column_text][vc_column_text]Les entreprises qui composent le <strong>Grupo Silgest</strong> ont toujours été liées au secteur des travaux publics, fournissant à nos clients les machines, les outils, les matériaux et les équipements de protection nécessaires au développement de cette activité. <strong>La Herramienta Industrial</strong>, <strong>Pertesa</strong> et <strong>La Herramienta Express</strong> se sont toujours engagées à assurer la qualité et la fiabilité, sachant s&rsquo;adapter aux nouveaux défis de cette industrie en pleine évolution. C&rsquo;est pourquoi, suivant une stratégie de spécialisation, chacune de nos entreprises est dédiée à un service différent.[/vc_column_text][/vc_column][vc_column width= »1/2&Prime; css= ».vc_custom_1487072552493{padding-right: 60px !important;padding-left: 40px !important;} »][vc_empty_space height= »40px »][vc_single_image image= »25812&Prime; img_size= »full » alignment= »center »][vc_empty_space height= »10px »][vc_single_image image= »25813&Prime; img_size= »full » alignment= »center »][/vc_column][/vc_row][vc_row][vc_column][/vc_column][/vc_row]</p>
</div>

<p>[vc_row css_animation= »fadeInLeft » css= ».vc_custom_1513864001237{margin-right: 3px !important;} »][vc_column][vc_empty_space height= »10px »][/vc_column][/vc_row][vc_row css= ».vc_custom_1507712833891{margin-right: 3px !important;} »][vc_column][vc_single_image image= »26933&Prime; img_size= »large »][vc_empty_space height= »20px »][/vc_column][/vc_row][vc_row][vc_column width= »1/2&Prime; css= ».vc_custom_1513867757065{padding-left: 40px !important;} »][vc_column_text] Travaux Publics [/vc_column_text][vc_column_text]Les entreprises qui composent le Grupo Silgest ont toujours été liées au&#8230;</p>

<!-- This site is optimized with the Yoast SEO plugin v24.6 - https://yoast.com/wordpress/plugins/seo/ -->
<title>Travaux Publics - PERTESA</title>
<meta name="description" content="Pertesa a toujours été liée au secteur des travaux publics, fournissant les équipements de protection nécessaires au développement de cette activité." />
<meta name="robots" content="index, follow, max-snippet:-1, max-image-preview:large, max-video-preview:-1" />
<link rel="canonical" href="https://pertesa.com/sectores/obra-publica/" />
<meta property="og:locale" content="fr_FR" />
<meta property="og:type" content="article" />
<meta property="og:title" content="Travaux Publics - PERTESA" />
<meta property="og:description" content="Pertesa a toujours été liée au secteur des travaux publics, fournissant les équipements de protection nécessaires au développement de cette activité." />
<meta property="og:url" content="https://pertesa.com/sectores/obra-publica/" />
<meta property="og:site_name" content="PERTESA" />
<meta property="article:modified_time" content="2020-03-26T11:47:01+00:00" />
<meta name="twitter:card" content="summary_large_image" />
<meta name="twitter:label1" content="Durée de lecture estimée" />
	<meta name="twitter:data1" content="1 minute" />
<script type="application/ld+json" class="yoast-schema-graph">{"@context":"https://schema.org","@graph":[{"@type":"WebPage","@id":"https://pertesa.com/sectores/obra-publica/","url":"https://pertesa.com/sectores/obra-publica/","name":"Travaux Publics - PERTESA","isPartOf":{"@id":"https://pertesa.com/#website"},"datePublished":"2020-03-12T16:24:39+00:00","dateModified":"2020-03-26T11:47:01+00:00","description":"Pertesa a toujours été liée au secteur des travaux publics, fournissant les équipements de protection nécessaires au développement de cette activité.","breadcrumb":{"@id":"https://pertesa.com/sectores/obra-publica/#breadcrumb"},"inLanguage":"fr-FR","potentialAction":[{"@type":"ReadAction","target":["https://pertesa.com/sectores/obra-publica/"]}]},{"@type":"BreadcrumbList","@id":"https://pertesa.com/sectores/obra-publica/#breadcrumb","itemListElement":[{"@type":"ListItem","position":1,"name":"Portada","item":"https://pertesa.com/fr/"},{"@type":"ListItem","position":2,"name":"Secteurs","item":"https://pertesa.com/sectores/"},{"@type":"ListItem","position":3,"name":"Travaux Publics"}]},{"@type":"WebSite","@id":"https://pertesa.com/#website","url":"https://pertesa.com/","name":"PERTESA","description":"Equipos de Protección Individual para la Industria","potentialAction":[{"@type":"SearchAction","target":{"@type":"EntryPoint","urlTemplate":"https://pertesa.com/?s={search_term_string}"},"query-input":{"@type":"PropertyValueSpecification","valueRequired":true,"valueName":"search_term_string"}}],"inLanguage":"fr-FR"}]}</script>
<!-- / Yoast SEO plugin. -->

Pertesa a toujours été liée au secteur des travaux publics, fournissant les équipements de protection nécessaires au développement de cette activité.

Equipos de Protección Individual para la Industria
